e number?
False
Suppose s - 110 = 4*p, -2*s - 4*p + 502 = 3*s. Suppose 4*d - s = d. Is d composite?
True
Let r(y) = -y**3 - 2*y**2 + 11*y - 3. Is r(-8) a prime number?
True
Let n = 230 + 219. Is n a composite number?
False
Suppose 3*q = 284 + 709. Is q a composite number?
False
Suppose 0 = -3*b - 5*o - 3, -2*b + 4*o = -20. Suppose 0 = 3*m - b*m + 467. Is m prime?
True
Suppose 0 = 2*r + 2*b - 314, 5*r - 434 - 351 = -3*b. Is r prime?
True
Let q(z) = 10*z**2 + 3*z + 7. Is q(-8) prime?
False
Let s = 199 - -68. Is s a composite number?
True
Let t(m) = -m**3 + 9*m**2 - 2*m - 17. Is t(-8) prime?
True
Suppose 3*z + 0 + 9 = 0. Let h(o) = 5*o**2 + 3*o + 2. Let n be h(z). Is (1 - (-6)/4)*n composite?
True
Let u = -16 + 11. Let g be (-1)/5*194*u. Suppose -g = -i - 3. Is i a prime number?
True
Let y = -11 + 11. Suppose y = -b - 0*b + 53. Is b prime?
True
Is 1/(-3) + (-19)/(456/(-43232)) composite?
False
Let i(v) = -v**3 - v**2 + 11*v + 13. Is i(-6) prime?
True
Suppose 4*b = 2*b + 128. Suppose p - 3*p = b. Let x = 5 - p. Is x prime?
True
Let d(f) be the third derivative of -f**5/30 + f**4/24 + f**3/2 + 2*f**2. Let j be d(-3). Let c = 19 - j. Is c prime?
True
Suppose -3*i = -8*i + 10. Suppose 4 = -i*h, 482 = f + 3*f - 5*h. Is f a prime number?
False
Let d(m) = 2*m**2 + 13*m + 10. Let b be d(-9). Suppose -4*a + 9*a = b. Is a composite?
False
Let j(k) = k**3 - 6*k**2 + 2. Let c be j(6). Let o be 0/(-2*c/2). Suppose -n = -13 - o. Is n a prime number?
True
Suppose 2*q + 3 = q. Let i(x) = -x**3 - 2*x**2 - 3. Let u be i(q). Is (-3)/(u/(-62)) - 0 prime?
True
Suppose 0 = -5*c + 371 + 174. Suppose -8 = -4*m, k - c = 3*m - 2*m. Is k prime?
False
Let a(o) = 11*o**2 - 4*o - 2. Let u = 11 - -3. Suppose -2*g - 6*x + 2*x = -u, 20 = 4*x. Is a(g) composite?
False
Suppose -2*b + 44 = 2*b. Let p = b - 8. Is p prime?
True
Let b be (-1)/(-4) - 21/4. Let o(f) = -8*f - 4. Let r be o(b). Let y = r - -11. Is y a composite number?
False
Is ((-11694)/9)/((-12)/18) composite?
False
Suppose u = 3*u - 20. Is u prime?
False
Let x = -6 - -17. Suppose 4*v = -x*n + 6*n + 1, v = -1. Is n/4 + 270/8 composite?
True
Let l(v) = -v**2 - 9*v + 8. Let a be l(-7). Suppose -5*c + 273 = -a. Is c a prime number?
True
Suppose -19*d + 24*d + 30 = 0. Suppose 70 = -5*k + 5*n, -3*n - 2*n = 2*k + 21. Let t = d - k. Is t a composite number?
False
Suppose d + 2*m = 5*d - 1220, -d = -2*m - 305. Is d composite?
True
Let j(c) = 192*c**3 - 2*c - 1. Let s be j(-1). Is s/10*-2*5 a composite number?
False
Let y be 3/4 + (-54)/(-24). Suppose 0 = -2*b + 5*w + 134, -y*b - b = 2*w - 268. Is b a prime number?
True
Let l(g) = -g**2 + 3. Let z be l(-3). Let k = z + 6. Suppose 2*a - a - 10 = k. Is a prime?
False
Let k be 3 - (-2 - (-2 - -3)). Suppose n - k*n + 110 = 0. Is n a prime number?
False
Let z = 3 + -5. Let f be (-3 - -2)/(z/(-76)). Let m = -24 - f. Is m prime?
False
Is 9/6*-2 - -214 composite?
False
Let q(o) = -11*o + 2. Is q(-12) a prime number?
False
Suppose -2*x + 6 = -0*x + 5*l, 6 = -x + 2*l. Let o be (-323)/x - (-1)/(-2). Suppose -a + o = -u, a - 4*u - 207 + 46 = 0. Is a a composite number?
True
Suppose -5*p + 1117 - 367 = 0. Let v = -47 + p. Is v composite?
False
Suppose -6*u + 8364 - 1770 = 0. Is u prime?
False
Is 66/9*978/4 a composite number?
True
Let r be -1*0*1/(-2). Is (r + -2)/(-2) + 200 composite?
True
Suppose g + 4*g = 10. Suppose 3*p + g*p - 1115 = 0. Is p composite?
False
Let n be ((-4)/(-6))/(16/24). Is -1*n/(-1) - -76 composite?
True
Let r(i) = -i**3 + 12*i**2 + 6*i + 6. Let l = 24 + -17. Is r(l) prime?
True
Suppose 3*m = -2*a + 791, -a + 715 = 2*m + 187. Suppose -x - m = 4*x. Is (x/(-3))/((-1)/(-3)) composite?
False
Suppose -2*a - 382 = -4*a. Is a a prime number?
True
Suppose 0 = -4*c + 2*c - 28. Is -1*(0 + 0) - c composite?
True
Suppose 2*o = 3*o. Suppose -2*a + a + 413 = o. Is a a prime number?
False
Suppose 0 = -3*f + 70 + 131. Suppose 5*b - 118 = f. Let d = b + -18. Is d a prime number?
True
Is (17/(-2))/(6/(-444)) a composite number?
True
Let t(j) = 6*j**3 + 2*j**2 - 2*j + 1. Let y be -3 + 15/3*1. Is t(y) prime?
True
Let p(a) = -20*a - 2 - 1 + 7 + 0*a. Let o be p(-12). Suppose 3*v = 245 + o. Is v prime?
True
Suppose -3*t + 159 = -204. Is t composite?
True
Let u(s) = 52*s - 2. Let q be u(2). Let h = -31 + q. Is h a prime number?
True
Is (-4)/(-18) + (-28857)/(-27) composite?
False
Let s = -72 + 35. Let p = -22 - s. Is p a prime number?
False
Let x(d) = 1 + 2 - 8 - d**3 - 6*d - 1 - 7*d**2. Let s be x(-6). Is (510/(-9))/(4/s) a prime number?
False
Let l(u) = 51*u - 17. Is l(4) a composite number?
True
Suppose 3*r = 3*u + 171, 3*r - 3*u - 2*u - 173 = 0. Is r - (5 - (-2)/(-1)) composite?
False
Suppose -5*n + 5 = -0*n + 5*m, -n - 3*m = 5. Let t be 6/(n/(-14)*1). Let i = 190 - t. Is i a prime number?
True
Suppose 0 = -0*i - 3*i + 5745. Is i composite?
True
Suppose z + 2*v = 117, -2*z + 0*z - v = -249. Is z a prime number?
True
Let w = -18 + 13. Let p be (1/(-1))/(1/19). Let v = w - p. Is v prime?
False
Suppose 5*c = 2*d - 0*d + 13, -5*c - 4*d = 11. Is 381/2 + c/2 a prime number?
True
Let c(p) = -4*p**3 + 6*p**2 + p + 4. Is c(-5) a composite number?
True
Let h = 6258 + -3197. Is h a prime number?
True
Suppose 7*t - 8*t = -251. Is t prime?
True
Let h(p) = 66*p**2 + 9*p - 13. Is h(2) composite?
False
Let d = -223 + 350. Is d composite?
False
Suppose 8*l - 2110 = 3*l. Is l composite?
True
Let l(s) = s + 1. Let b(t) = -40*t - 3. Let z(y) = -b(y) - 3*l(y). Let o be z(3). Is (-1)/((-3)/o)*1 a prime number?
True
Suppose -11*c = 5*c - 3376. Is c composite?
False
Suppose -5*o + f = -3*f - 1618, f = 3. Is o composite?
True
Let x = -23 + 11. Let v = -12 + x. Let j = 71 - v. Is j a prime number?
False
Let s(y) be the third derivative of y**5/60 - y**4/6 + y**3 - 3*y**2. Is s(5) prime?
True
Let x be -2*(135/(-6))/5. Let z = 28 - x. Is z a composite number?
False
Let d(j) = -j**2 - 4*j + 2. Let c be d(-4). Let m = c - 1. Is 21 - (m - 3 - -4) prime?
True
Let z(b) = -b**3 - 5*b**2 + 8*b + 6. Let f be z(-6). Let t = -8 - f. Is t/6 - 58/(-3) a composite number?
False
Let a(j) = j**3 + j + 19. Is a(0) a prime number?
True
Let v be (-2*6)/(12/(-8)). Let x = v - -5. Is x a prime number?
True
Is 57/76 - (-1474)/8 prime?
False
Let t = -3 + 7. Is (-131)/(-7) - t/(-14) prime?
True
Suppose -4*w + z = -2*z - 476, z = w - 119. Is w prime?
False
Suppose -1701 + 5057 = 4*j. Is j composite?
False
Suppose 0 = -3*b + 726 + 3423. Is b a composite number?
True
Let t = 9 + -7. Suppose t*d + 2*d - 584 = 3*l, -5*l + 169 = d. Is d prime?
True
Let i = 32 - 58. Suppose 86 = -3*n + n + 2*f, n = -4*f - 63. Let q = i - n. Is q a composite number?
True
Let c be 1/2 - (-22)/4. Let z be (8/6)/(4/c). Suppose -y + 11 = -5*k - 24, -z*k - 102 = -2*y. Is y a composite number?
True
Suppose 2*y = 4*g + 410, 4*y + 6*g = 2*g + 856. Is y a prime number?
True
Let m(i) = 40*i**2 + 2*i. Let u be m(2). Suppose 0 = -4*v - 4 + u. Is v + -1 + 2 - 3 prime?
False
Is 56/14*6/8 + 1984 composite?
False
Let j = 4 - 11. Let d(t) be the first derivative of 2*t**3/3 + 5*t**2 + 3*t + 1. Is d(j) a prime number?
True
Let c be 7196/18 + 2/9. Suppose -3*p + c = 2*p - 5*o, 0 = 4*p + o - 335. Is p a prime number?
True
Is (-20475)/(-52) - 3/4 prime?
False
Suppose -15 = 2*v + 2*p - p, v + 2 = 5*p. Is (v/(-21))/((-1)/(-381)) a prime number?
True
Suppose 8*c = 3*c + 30. Suppose -c*j + j - 10 = 0. Is j/7 + 359/7 a composite number?
True
Let j(z) = z**3 - 8*z**2 + 4*z - 10. Let s = -19 - -27. Let w be j(s). Suppose -2*a + 488 = w. Is a a prime number?
True
Let m(z) = -30*z**2 + 8*z - 19. Let q(u) = 10*u**2 - 3*u + 6. Let l(g) = 2*m(g) + 7*q(g). Is l(3) a prime number?
True
Let q = 1 - 6. Let k = -5 - q. Suppose k*t + 2*h = -3*t + 24, 2*t - 2*h = 26. Is t a composite number?
True
Suppose -w - 3*w + 16 = 0. Suppose -388 = -w*r + 464. Is r prime?
False
Let r be 1 + (-2 - (-3)/1). Suppose -5*t + 43 = c, -3*c - 2*c - 28 = -r*t. Is t a composite number?
True
Let i(m) be the first derivative of -m**4/4 + 13*m + 2. Let l be i(0). Suppose -65 = -4*d - l. Is d a prime number?
True
Suppose o + l = -138, 0 = 7*l - 2*l - 25. Let q = o - -210. Suppose 0 = -4*v + 5*v - q. Is v a composite number?
False
Let c(p) = 41*p**2 - 8*p + 7. Is c(4) prime?
True
Let x(g) = -g**3 + 8*g**2 - 5*g - 5. Is x(7